s of a(j).
3
Let m(v) = 44*v**2 + v - 1. List the prime factors of m(1).
2, 11
Let u be 120/65 - 4/(-26). What are the prime factors of (-1)/(-2) - (-43)/u?
2, 11
Let k(l) be the third derivative of -l**6/120 - l**5/20 - l**4/24 + l**3/2 + l**2. What are the prime factors of k(-3)?
2, 3
Let g = 0 - -2. Let v(s) = 5 - g*s**2 - 2*s**3 - 2 - 5. What are the prime factors of v(-2)?
2, 3
Let f = 2 + -2. Suppose f*w + w = 33. List the prime factors of w.
3, 11
What are the prime factors of -101*((-8)/28 - 15/21)?
101
Suppose 2*h - 3*g - 1 = 0, -2*g = -5*h - 7*g + 40. List the prime factors of 21 - (h - 2) - -2.
2, 5
Let p be 5 + 3 + -2 + -2. List the prime factors of -6*((-14)/p + 1).
3, 5
Suppose -2*k = -7*k + 15. Suppose z + k*z = 44. What are the prime factors of z?
11
Let h(j) = -j**2 - 6*j - 5. Let p be h(-4). Suppose p*x - 3*v = 18, 3*v - 6*v + 18 = 3*x. List the prime factors of x.
2, 3
List the prime factors of (-784)/(-12) + 1*(-2)/(-3).
2, 3, 11
Suppose 0 - 2 = -t. Suppose -3*s + 37 = -t*x, -x - x = 4*s - 54. List the prime factors of s.
13
Suppose 0*z - 5*z + k = -48, 2*z - 3*k = 14. Let c = z + -1. What are the prime factors of c?
3
Suppose 0 = -r - r + 4. Suppose 0 = -3*x + 4*f + 85, -5*f - 112 = -2*x - r*x. List the prime factors of x.
23
Let l = -4 - -4. What are the prime factors of 10 - (l + (1 - 1))?
2, 5
Let l(x) = x**2 + 5*x - 2. Let s be l(-6). Suppose 4 = v + o, -2*v + s*v = 2*o. What are the prime factors of v?
2
Suppose 0 = -4*q + 57 - 25. List the prime factors of q.
2
Let j = 10 + -7. List the prime factors of (-1)/(j + 62/(-20)).
2, 5
Suppose 7 = t + 5*n, 0*n = 3*t - n - 5. List the prime factors of (-5)/t*4/(-2).
5
Let n(b) = 11*b + 6. List the prime factors of n(4).
2, 5
Suppose -5*t + 4*n + 56 = 0, 0 = -2*t + n - 0*n + 20. Let v(d) = d**3 - 6*d**2 + 5*d - 4. Let p be v(5). Let s = p + t. List the prime factors of s.
2
Suppose 0 = 3*m - 61 - 5. What are the prime factors of m?
2, 11
Let z be (10 - -6)*2/4. Let t(p) = p**3 - 9*p**2 + 8*p + 3. List the prime factors of t(z).
3
Let n = -4 + 10. Suppose -v + n = 2*j, 2*j - 2 = -4*v + 4. What are the prime factors of j?
3
Let i(x) = -x**3 - 6 - 8*x + x**3 - 7*x**2 - x**3. List the prime factors of i(-6).
2, 3
Suppose 0 = 4*r - 8, -2*d + 8*r + 92 = 3*r. What are the prime factors of d?
3, 17
Suppose -j - 5*r + 1 = -38, -r = 4*j - 61. What are the prime factors of j?
2, 7
Suppose 2*m - 102 = 2*w, -w = -2*m - 3*w + 94. Let a = -18 + m. List the prime factors of a.
31
Let w(i) = i**3 + 5*i**2 + i - 4. Suppose 0 = -5*f - 4*s - 23, 0*f - 3*f = -2*s + 5. What are the prime factors of w(f)?
11
What are the prime factors of (10 + -5)*1/1?
5
Let c(v) = -9*v - 2. Let t be c(-2). Suppose 3*p + 42 = 2*x + t, -11 = -x + p. Suppose 2*s - 21 = -x. List the prime factors of s.
7
What are the prime factors of ((-3)/(-6))/((-1)/(-58))?
29
Suppose -3*l - 16 = -l + 5*u, -2*u - 14 = -3*l. Suppose -j = -l*i - 28, 2*j + i = -2*i + 77. List the prime factors of j.
2, 17
Let l be 22 - 2 - 2 - 2. Suppose 2*s = -0*s + l. What are the prime factors of s?
2
Suppose 3*v - 11 = 4. Suppose 59 + 86 = v*f. What are the prime factors of f?
29
Let g(t) be the second derivative of -3*t + 0*t**2 + 0 + 4/3*t**3. What are the prime factors of g(1)?
2
Let a = -14 + 17. Suppose 0 = -2*h - 0*h - 10. What are the prime factors of -1 - (h - 2) - a?
3
Suppose 0*j + 4*h - 28 = -j, 0 = -5*j + 2*h + 30. What are the prime factors of (j/(-10))/((-4)/100)?
2, 5
Let k be 10/(-6) + 2/(-6). Let h = 2 + k. Suppose -4*q + h*q = -36. List the prime factors of q.
3
Let d(f) = 5*f + 4. Let s(m) = -6*m - 4. Let r(n) = 5*d(n) + 4*s(n). Suppose -3*h - 31 = -3*y - y, 0 = -3*y + 3*h + 27. List the prime factors of r(y).
2
Suppose g - 25 = -4*g. Suppose -g*z - 4 + 14 = 0. Suppose z*k - 28 = -8. List the prime factors of k.
2, 5
Suppose 3*i - 37 = 2*i. What are the prime factors of i?
37
Let d(w) be the second derivative of -w**3/6 - 2*w**2 + 3*w. Let b be d(-7). Suppose -b*a + 16 = -a. List the prime factors of a.
2
Suppose -8*m + 25 = -7*m. What are the prime factors of m?
5
Suppose 3*i = 2*v + 143, -8*v + 3*v = -3*i + 146. What are the prime factors of i?
47
Suppose 32 = 6*t - 2*t. Let w(u) = -u**2 + 9*u + 8. What are the prime factors of w(t)?
2
Let c(i) = i**2 - 2*i. Let n be c(2). Suppose n = -0*t - 2*t. List the prime factors of (t + 6)/(2 + -1).
2, 3
Let h(p) = 5*p + p**2 + 0 - 1 - 5. What are the prime factors of h(-9)?
2, 3, 5
Let h = 59 + -30. List the prime factors of h.
29
Let w = 0 - 1. Let f = w - -5. Suppose -f*r = 4*a - 16, -4*r - 29 = -3*a + 2*a. What are the prime factors of a?
3
Let n(w) = w**3 - w**2 - 1. Let v be n(2). Suppose -v - 7 = -2*l. Let p = 17 - l. List the prime factors of p.
2, 3
Let j(q) be the second derivative of -q**6/360 + q**5/24 + q**4/12 - q**3/6 - q. Let l(i) be the second derivative of j(i). List the prime factors of l(5).
2
Let b(y) = 2*y**3 - 4*y**2 + 4*y. What are the prime factors of b(4)?
2, 5
Let a = -91 + 165. What are the prime factors of a?
2, 37
Let f(n) = -3*n - 32. Let j(a) = -a - 8. Let k be j(5). What are the prime factors of f(k)?
7
Let v(a) = -a + 5. Let x = -6 - -8. Let i(n) = -5. Let k(c) = x*v(c) + 3*i(c). What are the prime factors of k(-4)?
3
Let d = 21 - -6. List the prime factors of d.
3
Let g be 3/9 + 51/9. Suppose 2*z - 3*i = 2*i - 5, 0 = 2*i - g. Suppose -2*w + 17 = -z. List the prime factors of w.
11
Let t be (-6)/3*(-2 + 4). Let d(n) = -n**2 - 6*n - 3. Let o be d(t). Suppose 4*c = 5*a + 27, -32 - o = -5*c + 3*a. What are the prime factors of c?
2
Let j = -2 + -1. Suppose 0 = -0*q + 2*q - 4. What are the prime factors of q*4 - (-2 - j)?
7
Let u = -1 + 5. Let c(d) = -d**3 + 5*d**2 + 2. What are the prime factors of c(u)?
2, 3
Let z(p) = 3*p**2 - p + 3. Let c be z(7). Let k = -101 + c. What are the prime factors of k?
2, 3, 7
Let r = 19 + 9. Suppose -25 = -3*o + 2*i, 0*o - i + r = 3*o. List the prime factors of o.
3
Suppose -s - 2*d - 6 = -0*s, -9 = 2*s + 5*d. What are the prime factors of 4/(-24) + (-146)/s?
2, 3
Let w(x) = 4*x**3 + 9*x**2 - x + 1. Let c(p) = -p**3 - p**2 + p + 1. Let n(s) = 3*c(s) + w(s). What are the prime factors of n(-4)?
2, 7
Suppose 7*j = -9 - 5. Let r(q) = 10*q**2 + 4*q + 2. What are the prime factors of r(j)?
2, 17
Let s = 213 + 49. What are the prime factors of s?
2, 131
Let j be (-26)/2 - (2 + -3). Suppose 12 = -3*t - 3*n, -2*t + 0*n + 4*n = 26. What are the prime factors of (j/(-21) - 2)*t?
2, 5
Let r(g) = -2*g**3 - 2*g**2 - g + 1. Let f be r(-3). Let n = 66 - f. What are the prime factors of n?
2, 13
Suppose 0*i = 2*i. Let d(z) = i*z - 2*z**2 - 19*z**3 + 0*z**2 + z + 3*z**2. List the prime factors of d(-1).
19
What are the prime factors of (-5)/((-125)/(-945))*-5?
3, 7
Suppose v = -5*b + 17 + 46, -4*v = -5*b - 277. List the prime factors of v.
2, 17
Suppose l = 3*c - 2, 0*c = 3*l - c - 10. Let o = 9 + -6. Suppose p + l*p + 13 = -n, -o*p - 40 = -4*n. What are the prime factors of n?
7
What are the prime factors of (-5)/((-60)/(-171))*-8?
2, 3, 19
Suppose 5*v = -54 - 26. Let r = v + 25. What are the prime factors of r?
3
Suppose -3*y + 4*v + 119 = 0, -v + 67 = -5*y + 254. List the prime factors of y.
37
Let j be 6/(-4) + 16/(-32). Let h(c) = c**2 - 3*c + 4. Let t be h(3). Let n = j + t. List the prime factors of n.
2
Let a be (4/6)/(2/9). Let d(i) be the first derivative of 2*i**3/3 - 3*i**2/2 - 4*i + 1. What are the prime factors of d(a)?
5
What are the prime factors of 35 + (1 + 2 - 0)?
2, 19
Suppose -m + 5*m + 4*w + 8 = 0, m - 5*w - 22 = 0. Suppose m*s = -46 + 16. Let t = -10 - s. List the prime factors of t.
5
Suppose u = -3 + 8. List the prime factors of ((-14)/u)/((-3)/15).
2, 7
Let m(a) = -36*a - 56. What are the prime factors of m(-7)?
2, 7
Suppose 13*y - 8*y - 95 = 0. Suppose -5*v - y = -174. What are the prime factors of v?
31
Suppose -2*s = -0*s - 4. Let l be ((-1)/(-2))/(s/28). Suppose -l = -5*p + 28. List the prime factors of p.
7
What are the prime factors of (-30)/2*(-22)/6?
5, 11
What are the prime factors of (3/2)/((-3)/(-42))?
3, 7
Let o(u) = -2*u + 6. Let j be o(4). What are the prime factors of (12/20)/(j/(-10))?
3
Let t = 22 - 20. Let p = 19 - 7. List the prime factors of (-18)/p*(-12)/t.
3
Suppose -g - 4*g = -3*t + 77, -